
What is the hundreds digit of 1386394992?
9
What is the hundred millions digit of 3868274034?
8
What is the millions digit of 2152283733?
2
What is the billions digit of 1557879841?
1
What is the billions digit of 1145864077?
1
What is the thousands digit of 1701061073?
1
What is the thousands digit of 110928682?
8
What is the thousands digit of 12033195?
3
What is the hundreds digit of 1233269794?
7
What is the millions digit of 5694787803?
4
What is the ten thousands digit of 967783175?
8
What is the ten thousands digit of 51609052?
0
What is the units digit of 3920233142?
2
What is the thousands digit of 136351?
6
What is the hundreds digit of 91731837?
8
What is the thousands digit of 331841405?
1
What is the thousands digit of 299984?
9
What is the thousands digit of 664008144?
8
What is the hundred millions digit of 1251698117?
2
What is the hundreds digit of 117514855?
8
What is the hundred millions digit of 1123141363?
1
What is the hundred millions digit of 346734870?
3
What is the hundred thousands digit of 1618860156?
8
What is the tens digit of 2611368214?
1
What is the tens digit of 26673064?
6
What is the ten millions digit of 992600151?
9
What is the hundred thousands digit of 30880811?
8
What is the ten millions digit of 26902396?
2
What is the tens digit of 78901688?
8
What is the units digit of 47867738?
8
What is the ten millions digit of 1959225320?
5
What is the ten thousands digit of 11190206?
9
What is the tens digit of 463556625?
2
What is the millions digit of 461043884?
1
What is the units digit of 17611422?
2
What is the hundred millions digit of 106147222?
1
What is the tens digit of 82952726?
2
What is the hundred thousands digit of 636852319?
8
What is the hundred thousands digit of 677924297?
9
What is the hundred millions digit of 201062308?
2
What is the ten millions digit of 34333579?
3
What is the ten thousands digit of 110130537?
3
What is the units digit of 3176237765?
5
What is the ten millions digit of 247790637?
4
What is the hundred millions digit of 308461961?
3
What is the ten millions digit of 112877689?
1
What is the millions digit of 19570997?
9
What is the tens digit of 56069135?
3
What is the ten millions digit of 126123386?
2
What is the hundreds digit of 104040600?
6
What is the billions digit of 1332491258?
1
What is the units digit of 2275635744?
4
What is the ten thousands digit of 39915245?
1
What is the hundreds digit of 44355801?
8
What is the ten millions digit of 28030275?
2
What is the units digit of 281551007?
7
What is the hundred thousands digit of 115453152?
4
What is the hundreds digit of 370756530?
5
What is the hundred millions digit of 1495316373?
4
What is the tens digit of 86940764?
6
What is the thousands digit of 135936189?
6
What is the tens digit of 491880990?
9
What is the hundreds digit of 262635420?
4
What is the thousands digit of 1905088728?
8
What is the millions digit of 3857086?
3
What is the tens digit of 36471487?
8
What is the ten millions digit of 153614061?
5
What is the billions digit of 1072794408?
1
What is the tens digit of 6176769433?
3
What is the hundred thousands digit of 117302633?
3
What is the millions digit of 2466942959?
6
What is the hundred millions digit of 1145165862?
1
What is the hundred thousands digit of 1428045544?
0
What is the ten thousands digit of 568882439?
8
What is the thousands digit of 36637963?
7
What is the millions digit of 2805778180?
5
What is the tens digit of 87047797?
9
What is the hundred millions digit of 446868585?
4
What is the ten millions digit of 145409095?
4
What is the tens digit of 178438672?
7
What is the units digit of 4753900002?
2
What is the hundred thousands digit of 75443225?
4
What is the hundred thousands digit of 523715447?
7
What is the hundred thousands digit of 6622842?
6
What is the hundred millions digit of 319293724?
3
What is the ten thousands digit of 80576111?
7
What is the ten thousands digit of 207000164?
0
What is the ten millions digit of 18988226?
1
What is the millions digit of 238010286?
8
What is the tens digit of 309204699?
9
What is the hundred millions digit of 269365056?
2
What is the ten millions digit of 39357084?
3
What is the ten thousands digit of 677479177?
7
What is the units digit of 391848037?
7
What is the ten thousands digit of 107916016?
1
What is the ten millions digit of 59523684?
5
What is the hundred thousands digit of 55027702?
0
What is the hundred millions digit of 1754476842?
7
What is the hundred millions digit of 2290482920?
2
What is the hundreds digit of 227947112?
1
What is the units digit of 697391820?
0
What is the units digit of 315344168?
8
What is the ten thousands digit of 39290028?
9
What is the tens digit of 94796001?
0
What is the tens digit of 194681328?
2
What is the tens digit of 8024590?
9
What is the ten millions digit of 96035129?
9
What is the millions digit of 6931630793?
1
What is the units digit of 796538495?
5
What is the billions digit of 2757615592?
2
What is the hundred thousands digit of 55235028?
2
What is the thousands digit of 198071301?
1
What is the millions digit of 289733226?
9
What is the hundred thousands digit of 3678583518?
5
What is the units digit of 127454474?
4
What is the ten millions digit of 194978041?
9
What is the ten millions digit of 1444713345?
4
What is the hundreds digit of 4026626405?
4
What is the thousands digit of 6415583628?
3
What is the tens digit of 490605638?
3
What is the thousands digit of 115611621?
1
What is the hundred millions digit of 237051451?
2
What is the thousands digit of 216914577?
4
What is the ten thousands digit of 78156862?
5
What is the ten thousands digit of 38401795?
0
What is the hundreds digit of 560624829?
8
What is the thousands digit of 4578752?
8
What is the ten millions digit of 52361283?
5
What is the hundred millions digit of 225099962?
2
What is the units digit of 780974001?
1
What is the hundreds digit of 1893969926?
9
What is the millions digit of 194656494?
4
What is the millions digit of 2913401399?
3
What is the millions digit of 68975559?
8
What is the thousands digit of 259346790?
6
What is the thousands digit of 1552279594?
9
What is the hundred thousands digit of 3372714?
3
What is the millions digit of 204550946?
4
What is the units digit of 226290858?
8
What is the thousands digit of 185263051?
3
What is the ten thousands digit of 907416949?
1
What is the hundreds digit of 41311783?
7
What is the hundred millions digit of 539458177?
5
What is the ten millions digit of 38198276?
3
What is the units digit of 1438904940?
0
What is the ten millions digit of 2572874196?
7
What is the units digit of 68906383?
3
What is the units digit of 191376817?
7
What is the ten thousands digit of 650063053?
6
What is the ten millions digit of 101409341?
0
What is the units digit of 803874426?
6
What is the ten millions digit of 28919193?
2
What is the tens digit of 2077150441?
4
What is the thousands digit of 334816779?
6
What is the hundred millions digit of 2841387170?
8
What is the units digit of 656214209?
9
What is the hundred thousands digit of 921178094?
1
What is the tens digit of 207562967?
6
What is the units digit of 662395816?
6
What is the millions digit of 3059240255?
9
What is the hundred millions digit of 2644908558?
6
What is the units digit of 28800577?
7
What is the tens digit of 53170758?
5
What is the tens digit of 1613716200?
0
What is the hundred thousands digit of 4368457717?
4
What is the hundreds digit of 45145792?
7
What is the hundreds digit of 61622962?
9
What is the units digit of 2213700913?
3
What is the units digit of 66401465?
5
What is the millions digit of 8746598110?
6
What is the ten millions digit of 270344402?
7
What is the units digit of 728068892?
2
What is the ten thousands digit of 6002325589?
2
What is the hundred millions digit of 700534126?
7
What is the hundred thousands digit of 2080111797?
1
What is the units digit of 32122956?
6
What is the hundred thousands digit of 354232370?
2
What is the ten millions digit of 79182063?
7
What is the millions digit of 373842587?
3
What is the thousands digit of 28052006?
2
What is the hundred thousands digit of 1727334538?
3
What is the tens digit of 1646863162?
6
What is the hundred